/(4 + -11).
88
Suppose 67*i - 58*i - 315 = 0. What is the remainder when i is divided by 4?
3
Let v = -60 + 137. Suppose -6*i - 4*i + 20 = 0. Suppose -q = -5*h + 100, -6*h + 2*h - i*q = -80. What is the remainder when v is divided by h?
17
Let k(b) = -b**3 - 42*b**2 - 3*b - 117. What is the remainder when 20 is divided by k(-42)?
2
Let t = 4 - -9. Let z(v) = 2*v**2 - v - 4. Let y be z(2). Suppose -y*w + 44 = b, -3*b + 0 = 2*w - 36. What is the remainder when w is divided by t?
11
Suppose 2*y = -2*y + 32. Suppose 0 = 2*w - 0*w - y. Suppose 42 = 2*b + 4*i, w*i - 11 = 5. Calculate the remainder when 51 is divided by b.
12
Suppose -o = 3*o - 8. Suppose 0 = c - 5*n + 15 + 8, -4*c = o*n - 18. Suppose -c*f = -3*f + 3. Calculate the remainder when 6 is divided by f.
0
Suppose 242*b = 159*b + 2407. Let c(z) = 2*z**3 - 2*z**2. What is the remainder when b is divided by c(2)?
5
Let s(g) = 65*g - 61. What is the remainder when s(3) is divided by 39?
17
Suppose -2*f - 2*f = -4. Suppose 2*d = -4*x + 5*x - 6, 9 = -d + 2*x. What is the remainder when 2 + (f - (0 + d)) is divided by 2?
0
Let r be 9178/65 + 4/5. Suppose -5*l + r = -2*a, 4*l - 3*a - 133 + 18 = 0. Suppose -m + 7 = -9. What is the remainder when l is divided by m?
12
Let f(w) = -w**3 + 0*w**3 + 564*w + 10*w**2 - 7 - 560*w. What is the remainder when f(8) is divided by 39?
36
What is the remainder when 31 is divided by (1 - 0/(-2))/((-9)/(-63))?
3
Suppose -16*x + 63 = -177. What is the remainder when 44 is divided by x?
14
Suppose 1 - 18 = -v - 2*f, 5*f = 5*v - 145. Calculate the remainder when 98 is divided by v.
23
Suppose -x - 4910 = -5*v - 0*x, 0 = 4*v - 3*x - 3939. What is the remainder when v is divided by 24?
21
Let t(w) = -w**2 + 4*w + 23. Let a be t(-3). Let p(q) = 9*q**3 + 4*q**2 - 3*q. Calculate the remainder when p(a) is divided by 21.
19
Suppose -o - 5*z + 52 = 0, -o + 2*z = -3*o + 112. Calculate the remainder when o is divided by (135/36)/((-2)/(-8)).
12
Suppose 1010*j = 1000*j + 1330. Calculate the remainder when j is divided by 72.
61
Let n = 46 + -34. Let g = -12 - -14. What is the remainder when (22 + -1)/(g/2) is divided by n?
9
Let r = -485 - -535. Calculate the remainder when 111 is divided by r.
11
Let x(j) = -10*j - 26. Let z be x(-4). What is the remainder when 62 is divided by 2 - ((-94)/z + (-12)/42)?
8
Let s(z) = -5*z - 1. Let l be (-1 - -1) + (-4 - -180). Let t = l - 123. Calculate the remainder when t is divided by s(-3).
11
Let c be 6*(-3 - 20/(-6)). Let z(a) = 12 - 3*a - 2*a**2 - a**3 - 16 - 2*a**c + 7. What is the remainder when 9 is divided by z(-3)?
0
Suppose 7*n - 339 = 39. What is the remainder when n is divided by 29?
25
Suppose 5*o - 21*o + 253 + 3 = 0. Suppose 2*j + 2*j = 0. Calculate the remainder when j + (33 - (2 + 0)) is divided by o.
15
Suppose -3*d - 2*q = -66, 0*d + 22 = d + q. Suppose -5*i + 6*i = 12. Calculate the remainder when 1294/d - 14/(-77) is divided by i.
11
Let p = 22 + -28. Let b be (-8)/(-10)*(-35)/(-2). Let i = p + b. Calculate the remainder when 38 is divided by i.
6
Let f be 1/(0 - 1)*-4 - 1. Suppose -6 = -3*q + f*u, 3*q - 2*q - 12 = -u. Suppose -4*z - z = -25. What is the remainder when q is divided by z?
2
Let p(d) = 11*d**2 + 13*d - 14. Let c(i) = 0*i - i**3 + 14*i**2 - 3*i - 2*i - 5*i**2 - 6. Calculate the remainder when c(8) is divided by p(1).
8
Suppose 0 = -5*c - 4*u + 558, -3*u = -2*c - 4*u + 225. Calculate the remainder when 75 is divided by (16/(-24))/((-4)/c).
18
Suppose -10*p + 12*p - 350 = 0. What is the remainder when p is divided by 59?
57
Let q = 48 + 28. Let m = -28 + q. Calculate the remainder when m is divided by 26.
22
Suppose -3*d = -6*d + 6. Suppose 0 = 2*g + z + 7, -g - 2*g = 2*z + 11. Calculate the remainder when 9/5 - g/15 is divided by d.
0
Let v(x) = x**2 - 18*x + 65. What is the remainder when 322 is divided by v(14)?
7
Let t(m) = 11*m - 2. Let n(h) = -12*h + 1. Let d(s) = 5*n(s) + 6*t(s). Let f be (-12)/3*(3/4)/(-1). Calculate the remainder when d(f) is divided by 3.
2
Let d be (-2 - -2 - (-1 - -2)) + -641. Calculate the remainder when 27 is divided by (-2)/7 + d/(-42).
12
Let r(y) = y**2 + 15*y - 14. Let o be r(-15). Let m(l) = 14*l + 12 + l**2 - 5 + 0*l**2. Calculate the remainder when m(o) is divided by 2.
1
Suppose 27 = 6*a + 3*a. Suppose 60 = y + a*y. Calculate the remainder when y is divided by 4.
3
Let p be 6/(-10) - 132/5. Let b = p - -50. What is the remainder when b is divided by ((-1036)/12)/(-7) - (-8)/12?
10
Let r(g) = 11*g - 6. Let j = -88 - -91. Calculate the remainder when r(j) is divided by 7.
6
Let m = -518 - -568. Calculate the remainder when 448 is divided by m.
48
Suppose 4*o = j + 195, -13*j = -2*o - 10*j + 105. Calculate the remainder when o is divided by 26.
22
Suppose 16*v + 6*v = 1188. What is the remainder when 106 is divided by v?
52
Let x(s) = -3*s - 7. Let m be 44/6 - 6/(-9). Calculate the remainder when 3/12 - (-238)/m is divided by x(-5).
6
Let x = 9 + 22. Let j be ((-6)/4)/((-1)/6). Suppose 4*k - 59 = j. Calculate the remainder when x is divided by k.
14
Let g(x) = -24*x - 115. Calculate the remainder when g(-11) is divided by 19.
16
Suppose 4*u = -3*x + 203, 12*x - 10*x + 6 = 0. What is the remainder when u is divided by 16?
5
Suppose 0 = -4*n - 5*p + 53, -11*p - 61 = -5*n - 12*p. Suppose 0*x - x = i - 59, -i + 55 = -3*x. Calculate the remainder when i is divided by n.
10
Suppose -2*y = -2*f - 32, -y + 10 + 36 = 5*f. Let w be 8*(-4)/8 + -1. Let c(r) = -r**3 - 4*r**2 - 5*r + 10. What is the remainder when c(w) is divided by y?
18
Calculate the remainder when 28 is divided by (-3)/((-7)/(24 + -3)).
1
What is the remainder when 1081 is divided by (25/(-4) + -2)/((-206)/2472)?
91
Suppose -5*b - 3*y = -34, 11 = 2*y + 5. Suppose -427 - 558 = -b*f. Calculate the remainder when f is divided by 40.
37
Suppose y - 5*y - 3*x = -525, 4*x + 560 = 4*y. What is the remainder when y is divided by 71?
64
What is the remainder when -3081*2/(-42) - (-4)/14 is divided by (-2)/8 + 149/4?
36
Suppose 7 = 7*z - 287. Calculate the remainder when z is divided by 10.
2
Let n(j) = -13*j - 215. What is the remainder when 87 is divided by n(-17)?
3
Suppose 3*p = 3*l - 573, 4*l = -6*p + 3*p + 771. What is the remainder when l is divided by 58?
18
Suppose -97*q + 23976 + 8810 = 0. What is the remainder when q is divided by 68?
66
Suppose -m + 5*k + 164 = 3*m, m - 34 = 3*k. Let d = 93 + -55. Let t = -26 + d. What is the remainder when m is divided by t?
10
Let p(y) = -y**2 - 8*y - 4. Suppose -11*h + 25 = -16*h. Calculate the remainder when p(h) is divided by 6.
5
Suppose 19*y = 11*y + 232. Let t(f) = 14*f - 1. Calculate the remainder when t(4) is divided by y.
26
Suppose -18 = -s + 2*s. Let y be (-1)/(-1 + s/(-15)). Let p = y - -23. Calculate the remainder when p is divided by 7.
4
Let f(n) = n + 12. Let w be f(0). Let g = 9 + w. Let c = 3 + 3. Calculate the remainder when g is divided by c.
3
Let b = -257 + 279. Suppose 4*v - 54 = 54. Suppose 2*w + 5*j + 9 = w, -3*w + v = -3*j. Calculate the remainder when b is divided by w.
4
Let i = 15 - 23. Calculate the remainder when (14/i)/((-1)/12) is divided by 12.
9
Suppose 0 = 3*p + 10 - 31. Suppose 2*g = -5*v - 10, -3*g - 8 = 2*v + p. Suppose v*k + 215 = 5*k. What is the remainder when k is divided by 11?
10
Let s = 1159 - 1117. What is the remainder when 306 is divided by s?
12
Let a(v) = 12*v**2 - 3*v + 1. Let j = 21 + -18. Suppose 0 = g - 3, -21 = -j*h + g - 6*g. Calculate the remainder when a(h) is divided by 9.
7
Suppose 48 = -0*b + 4*b + h, 0 = 5*b - 3*h - 60. Suppose -5*y + 144 = -321. Calculate the remainder when y is divided by b.
9
Let o(r) = r**3 - 19*r**2 + 19*r - 10. Let h be o(18). Suppose -h*q = 4*q - 156. What is the remainder when q is divided by 8?
5
Suppose 26*r - 1628 = 946. What is the remainder when r is divided by 82?
17
Let m = -82 - -116. What is the remainder when m is divided by ((-8)/(-6))/(117/702)?
2
Let z = 191 + -143. What is the remainder when 191 is divided by z?
47
Suppose -4*v + 3*j + 93 = -186, 5*v - 4*j - 348 = 0. Calculate the remainder when v is divided by 25.
22
Let x be (13 + 0 + 0 + -2)/1. Suppose -1305 = -x*d + 59. Calculate the remainder when d is divided by 42.
40
Let u(d) = 4*d - 2. Let k be u(2). Suppose -k - 1